{"id":65,"date":"2013-08-28T23:03:44","date_gmt":"2013-08-28T21:03:44","guid":{"rendered":"http:\/\/netzwerke-21.de\/?page_id=65"},"modified":"2013-10-11T16:47:45","modified_gmt":"2013-10-11T14:47:45","slug":"antwort-werwigk","status":"publish","type":"page","link":"https:\/\/netzwerke-21.de\/?page_id=65","title":{"rendered":"Die Antwort von Dr. Matthias Werwigk (FDP)"},"content":{"rendered":"<p>Sehr geehrte Frau,<\/p>\n<p>gern beantworte ich Ihre Fragen. Neben dem Stra\u00dfenverkehr geht vom Schienenverkehr der meiste L\u00e4rm f\u00fcr die Bewohner der Stadt aus. Dies k\u00f6nnen Sie aus dem von der Stadt Stuttgart vor einigen Jahren erstellten L\u00e4rmschutzatlas ersehen.<\/p>\n<p>Deshalb werden Umgehungsstra\u00dfen gebaut, neue Eisenbahnstrecken nicht mehr durch St\u00e4dte und D\u00f6rfer gebaut, der Verkehr In Tunnels verlegt und\/oder eingehaust. Vor diesem Hintergrund ist der Bau von Stuttgart 21 ein umf\u00e4ngliches L\u00e4rmschutzprogramm f\u00fcr die Bewohner Stuttgarts und des eng besiedelten Neckartals. Ich wohne in der N\u00e4he der G\u00e4ubahnstrecke und kenne die Klagen der Menschen.<\/p>\n<p>Ein ICE Wartungswerk in Untert\u00fcrkheim d\u00fcrfte keine wesentliche L\u00e4rmbel\u00e4stigung darstellen. Aus der Umgebung des S-Bahn-Wartungswerk \u00a0in Plochingen sind keine Beschwerden von Anliegern bekannt und auch das benachbarte Daimler-Werk in Untert\u00fcrkheim, in dessen Hallen es ja auch nicht gerade leise zugehen d\u00fcrfte, f\u00fchrt zu keinen\u00a0 Klagen der Anwohner. Da ich in Untert\u00fcrkheim aufgewachsen bin, habe ich noch die Ger\u00e4usche des damaligen G\u00fcterbahnhofs in den Ohren.<\/p>\n<p>Das Klirren, Rattern und Knallen und Scheppern der alten Eisenbahnwagen gab es bei Tag und bei Nacht. Das geh\u00f6rte zu meiner Jugend. Niemand hat sich damals beschwert! Dort gab es Arbeitspl\u00e4tze. Die zuk\u00fcnftig leise in das Wartungswerk einrollenden ICE Z\u00fcge wird man kaum h\u00f6ren. Niemand wird sich daran st\u00f6ren. Da bin ich mir ganz sicher.<\/p>\n<p>Das Problem von Sch\u00e4den an H\u00e4usern unter denen ein Tunnel gebaut wird, ist auch kein grunds\u00e4tzliches oder gar neues. Zum einen wurden in Stuttgart und anderen St\u00e4dten schon viele Stra\u00dfen, Stadtbahn- und S-Bahntunnels unter H\u00e4usern hindurch gebaut.\u00a0 Zum anderen betrifft es nur sehr wenige Hausbesitzer.\u00a0 Mir ist nicht bekannt, dass es bei den bisherigen Tunnelbauten in Stuttgart zu gr\u00f6\u00dferen Problemen gekommen ist, f\u00fcr die nachher keine L\u00f6sung gefunden wurde. Ich kann also auch hier nur zu Gelassenheit raten.<\/p>\n<p>Mit freundlichen Gr\u00fc\u00dfen<\/p>\n<p>Dr. Matthias Werwigk<\/p>\n","protected":false},"excerpt":{"rendered":"<p>Sehr geehrte Frau, gern beantworte ich Ihre Fragen. Neben dem Stra\u00dfenverkehr geht vom Schienenverkehr der meiste L\u00e4rm f\u00fcr die Bewohner der Stadt aus. Dies k\u00f6nnen Sie aus dem von der Stadt Stuttgart vor einigen Jahren erstellten L\u00e4rmschutzatlas ersehen. Deshalb werden &hellip; <a href=\"https:\/\/netzwerke-21.de\/?page_id=65\">Weiterlesen <span class=\"meta-nav\">&rarr;<\/span><\/a><\/p>\n","protected":false},"author":3,"featured_media":0,"parent":67,"menu_order":0,"comment_status":"closed","ping_status":"closed","template":"","meta":{"footnotes":""},"class_list":["post-65","page","type-page","status-publish","hentry"],"_links":{"self":[{"href":"https:\/\/netzwerke-21.de\/index.php?rest_route=\/wp\/v2\/pages\/65","targetHints":{"allow":["GET"]}}],"collection":[{"href":"https:\/\/netzwerke-21.de\/index.php?rest_route=\/wp\/v2\/pages"}],"about":[{"href":"https:\/\/netzwerke-21.de\/index.php?rest_route=\/wp\/v2\/types\/page"}],"author":[{"embeddable":true,"href":"https:\/\/netzwerke-21.de\/index.php?rest_route=\/wp\/v2\/users\/3"}],"replies":[{"embeddable":true,"href":"https:\/\/netzwerke-21.de\/index.php?rest_route=%2Fwp%2Fv2%2Fcomments&post=65"}],"version-history":[{"count":2,"href":"https:\/\/netzwerke-21.de\/index.php?rest_route=\/wp\/v2\/pages\/65\/revisions"}],"predecessor-version":[{"id":97,"href":"https:\/\/netzwerke-21.de\/index.php?rest_route=\/wp\/v2\/pages\/65\/revisions\/97"}],"up":[{"embeddable":true,"href":"https:\/\/netzwerke-21.de\/index.php?rest_route=\/wp\/v2\/pages\/67"}],"wp:attachment":[{"href":"https:\/\/netzwerke-21.de\/index.php?rest_route=%2Fwp%2Fv2%2Fmedia&parent=65"}],"curies":[{"name":"wp","href":"https:\/\/api.w.org\/{rel}","templated":true}]}}