{"id":324,"date":"2013-10-12T01:36:26","date_gmt":"2013-10-11T23:36:26","guid":{"rendered":"http:\/\/netzwerke-21.de\/?page_id=324"},"modified":"2016-12-04T20:20:45","modified_gmt":"2016-12-04T18:20:45","slug":"pressemitteilungen","status":"publish","type":"page","link":"https:\/\/netzwerke-21.de\/?page_id=324","title":{"rendered":"Pressemitteilungen"},"content":{"rendered":"<p>Pressemitteilung vom 04.12.2016: <a href=\"http:\/\/netzwerke-21.de\/wordpress\/wp-content\/uploads\/161204-PM-Netzwerke-Garantie-bei-Schaeden.pdf\" target=\"_blank\">Risiko Anhydrit &#8211; S21-Anwohnernetzwerke fordern Garantien von Bahn und Bund<\/a><\/p>\n<p>Pressemitteilung vom 12.11.2016:<a href=\"http:\/\/netzwerke-21.de\/wordpress\/wp-content\/uploads\/161112-PM-Prozess-Entsch\u00e4digung___.pdf\" target=\"_blank\"> Prozess \u00fcberf\u00e4llig. Netzwerke begr\u00fc\u00dfen gerichtliche \u00dcberpr\u00fcfung der Entsch\u00e4digung bei Stuttgart 21<\/a><\/p>\n<p>Pressemitteilung vom 29.04.2016:<a href=\"http:\/\/netzwerke-21.de\/wordpress\/wp-content\/uploads\/PM-160429-Sparen-sieht-anders-aus1.pdf\" target=\"_blank\"> Sparen sieht anders aus<\/a><\/p>\n<p>Pressemitteilung vom 25.04.2016: <a href=\"http:\/\/netzwerke-21.de\/wordpress\/wp-content\/uploads\/20160425-PM_Lindenschulviertel.pdf\" target=\"_blank\">Die Bahn spart bei S 21 \u2013 leider nur an den betroffenen Anwohnern im Untert\u00fcrkheimer Lindenschulviertel. Immissionsschutz zweiter Klasse?<\/a><\/p>\n<p>Pressemitteilung vom 02.07.2015:\u00a0<a href=\"http:\/\/netzwerke-21.de\/wordpress\/wp-content\/uploads\/PM-150702-Immissionsschutzbeauftragter.pdf\" target=\"_blank\">Die Netzwerke-21 fordern, den Immissionsschutzbeauftragten Peter Fritz unverz\u00fcglich abzul\u00f6sen.<\/a><\/p>\n<p>Pressemitteilung vom 19.01.2015: <a href=\"http:\/\/netzwerke-21.de\/wordpress\/wp-content\/uploads\/150118-PM-EBA.pdf\" target=\"_blank\">Offenbarungseid: EBA liegen Messprotokolle zu L\u00e4rm und Ersch\u00fctterung nicht vor und wei\u00df auch nicht, wer sie ha<\/a>t<\/p>\n<p>Pressemitteilung vom 15.01.2015: <a href=\"http:\/\/netzwerke-21.de\/wordpress\/wp-content\/uploads\/PM-150115-Gestattungsvertrag.pdf\" target=\"_blank\">Netzwerke 21 distanzieren sich von Haus &amp; Grund in Sachen Gestattungsvertrag mit der Bahn<\/a><\/p>\n<p>Pressemitteilung vom 10.12.2014: <a href=\"http:\/\/netzwerke-21.de\/wordpress\/wp-content\/uploads\/PM-1401210-b-Wangen.pdf\">27 B\u00fcrger stellen Strafanzeige wegen Sprengungen in Wangen<\/a><\/p>\n<p>Pressemitteilung vom 10.12.2014: <a href=\"http:\/\/netzwerke-21.de\/wordpress\/wp-content\/uploads\/PM-141210-b.pdf\" target=\"_blank\">Netzwerke fordern OB zum Schutz der Anwohner beim Baul\u00e4rm von S 21 auf<\/a><\/p>\n<p>Pressemitteilung vom 20.10.2014 : <a href=\"http:\/\/netzwerke-21.de\/wordpress\/wp-content\/uploads\/PM-141017-L\u00e4rmschutz-Wartberg.pdf\" target=\"_blank\">Wartberg: Bahn lullte Anwohner ein. Jetzt wird S21 richtig laut.<\/a><\/p>\n<p>Pressemitteilung vom 18.09.2014:<a href=\"http:\/\/netzwerke-21.de\/wordpress\/wp-content\/uploads\/PM-140918.pdf\" target=\"_blank\"> Stuttgart 21 &#8211; Der Zahltag r\u00fcckt immer n\u00e4her und die betroffenen Eigent\u00fcmer d\u00fcrfen nicht das Nachsehen haben !<\/a><\/p>\n<p>Pressemitteilung vom 03.08.2014: <a href=\"http:\/\/netzwerke-21.de\/wordpress\/wp-content\/uploads\/PM-140803-2.pdf\" target=\"_blank\">Baustart des Tiefbahnhofs und die L\u00e4rmschutzauflagen f\u00fcr das Kernerviertel sind nicht umgesetzt<\/a><\/p>\n<p>Pressemitteilung vom 11.Juli 2014: <a href=\"http:\/\/netzwerke-21.de\/wordpress\/wp-content\/uploads\/PM-140711.pdf\" target=\"_blank\">Netzwerk Kernerviertel fordert Baustopp bis L\u00e4rmschutzauflagen aus der Planfeststellung erf\u00fcllt sind<\/a><\/p>\n<p>Pressemitteilung vom 03.06.2014: <a href=\"http:\/\/netzwerke-21.de\/wordpress\/wp-content\/uploads\/PM-140603.pdf\" target=\"_blank\">Netzwerk Kernerviertel fordert das Eisenbahn-Bundesamt auf, endlich f\u00fcr die Einhaltung der L\u00e4rmschutzauflagen zu sorgen<\/a><\/p>\n<p>Pressemitteilung vom 07.05.2014: <a href=\"http:\/\/netzwerke-21.de\/wordpress\/wp-content\/uploads\/PM-140507.pdf\" target=\"_blank\">Nix ist palletti \u2013 Netzwerke haben in Gespr\u00e4chen mit der Bahn kein Einverst\u00e4ndnis in Haftungsfragen erzielt<\/a><\/p>\n<p>Pressemitteilung vom 19.03.2014: <a href=\"http:\/\/netzwerke-21.de\/wordpress\/wp-content\/uploads\/PM-140319.pdf\" target=\"_blank\">Keine Bagatellisierung der Geb\u00e4udesch\u00e4den beim U12-Bau<\/a><\/p>\n<p>Pressemitteilung vom 28.11.2013 \/ <a href=\"http:\/\/netzwerke-21.de\/wordpress\/wp-content\/uploads\/PM-131128.pdf\">Netzwerke fordern faire und transparente Entsch\u00e4digung f\u00fcr die Nutzung der von S21-Tunnels unterfahrenen Grundst\u00fccke.<\/a><\/p>\n<p>Pressemitteilung vom 17.11.2013 \/ <a href=\"http:\/\/netzwerke-21.de\/wordpress\/wp-content\/uploads\/PM-131117.pdf\">Keine Albiveranstaltung f\u00fcr einen Tag &#8211; Eigent\u00fcmer fordern Behandlung der Geb\u00e4udesicherheit auf der Er\u00f6rterung<\/a><\/p>\n<p>Pressemitteilung vom 05.11.2013 \/ <a href=\"http:\/\/netzwerke-21.de\/wordpress\/wp-content\/uploads\/PM-131105.pdf\">Offener Brief des Netzwerks Killesberg zum Entrauchungsbauwerk Killesberg<\/a><\/p>\n<p>Pressemitteilung vom 04.11.2013 \/ <a href=\"http:\/\/netzwerke-21.de\/wordpress\/wp-content\/uploads\/PM-131104.pdf\">Tunnelanstich in Wangen &#8211; eigentumsrechtliche und bautechnische Fragen sind noch nicht gekl\u00e4rt !<\/a><\/p>\n<p>Pressemitteilung vom 23.10.2013 \/<a href=\"http:\/\/netzwerke-21.de\/wordpress\/wp-content\/uploads\/PM-131023.pdf\"> Netzwerke fordern Fortsetzung der Er\u00f6rterung<\/a><\/p>\n<p>Pressemitteilung vom 14.08.2013 \/ <a href=\"http:\/\/netzwerke-21.de\/wordpress\/wp-content\/uploads\/PM-130814.pdf\">Netzwerke schreiben an den Bundesrechnungshof<\/a><\/p>\n<p>Pressemitteilung vom 26.06.2013 \u00a0 \/ <a href=\"http:\/\/netzwerke-21.de\/wordpress\/wp-content\/uploads\/PM-1306261.pdf\">Netzwerke der betroffenen Hauseigent\u00fcmer wehren sich gegen einen verfr\u00fchten Er\u00f6rterungstermin<\/a><\/p>\n<p>Pressemitteilung vom 29.04.2013\u00a0 \/ <a href=\"http:\/\/netzwerke-21.de\/wordpress\/wp-content\/uploads\/PM-130424.pdf\">Wo bleibt das geotechnische Gutachten f\u00fcr das Kernerviertel ?<\/a><\/p>\n<p>Pressemitteilung vom 01.03.2013 \/ <a href=\"http:\/\/netzwerke-21.de\/wordpress\/wp-content\/uploads\/PM-130227.pdf\">Schw\u00e4bische H\u00e4uslesbauer machen gegen S 21 mobil !<\/a><\/p>\n<p>und die <a href=\"http:\/\/netzwerke-21.de\/wordpress\/wp-content\/uploads\/Anzeige_Stuttgarter_Zeitung-Nachrichten_2013-03-01.jpg\">Anzeige am 01.03.2013 in den beiden Stuttgarter Zeitungen<\/a><\/p>\n<p>Pressemitteilung vom 09.01.2013 \/ <a href=\"http:\/\/netzwerke-21.de\/wordpress\/wp-content\/uploads\/PM-130109.pdf\">Forderung nach einem Ombudmann\/-frau<\/a><\/p>\n<p>Pressemitteilung vom\u00a0 05.12.2012 \/ <a href=\"http:\/\/netzwerke-21.de\/wordpress\/wp-content\/uploads\/PM-121205.pdf\">Erfolgreiche Informationsveranstaltung im Rathaus<\/a><\/p>\n<p>Pressemitteilung vom 12.09.2102 \/ <a href=\"http:\/\/netzwerke-21.de\/wordpress\/wp-content\/uploads\/PM-1209121.pdf\">Eigent\u00fcmer fordern geotechnisches Gutachten<\/a><\/p>\n<p>Pressemitteilung vom 01.07.2012 \/ Bewohner des Kernerviertels fordern umfassende Risikenaufkl\u00e4rung \u00fcber das Grundwassermanagement<\/p>\n<p>&nbsp;<\/p>\n<p>&nbsp;<\/p>\n","protected":false},"excerpt":{"rendered":"<p>Pressemitteilung vom 04.12.2016: Risiko Anhydrit &#8211; S21-Anwohnernetzwerke fordern Garantien von Bahn und Bund Pressemitteilung vom 12.11.2016: Prozess \u00fcberf\u00e4llig. Netzwerke begr\u00fc\u00dfen gerichtliche \u00dcberpr\u00fcfung der Entsch\u00e4digung bei Stuttgart 21 Pressemitteilung vom 29.04.2016: Sparen sieht anders aus Pressemitteilung vom 25.04.2016: Die Bahn spart &hellip; <a href=\"https:\/\/netzwerke-21.de\/?page_id=324\">Weiterlesen <span class=\"meta-nav\">&rarr;<\/span><\/a><\/p>\n","protected":false},"author":6,"featured_media":0,"parent":0,"menu_order":0,"comment_status":"closed","ping_status":"closed","template":"","meta":{"footnotes":""},"class_list":["post-324","page","type-page","status-publish","hentry"],"_links":{"self":[{"href":"https:\/\/netzwerke-21.de\/index.php?rest_route=\/wp\/v2\/pages\/324","targetHints":{"allow":["GET"]}}],"collection":[{"href":"https:\/\/netzwerke-21.de\/index.php?rest_route=\/wp\/v2\/pages"}],"about":[{"href":"https:\/\/netzwerke-21.de\/index.php?rest_route=\/wp\/v2\/types\/page"}],"author":[{"embeddable":true,"href":"https:\/\/netzwerke-21.de\/index.php?rest_route=\/wp\/v2\/users\/6"}],"replies":[{"embeddable":true,"href":"https:\/\/netzwerke-21.de\/index.php?rest_route=%2Fwp%2Fv2%2Fcomments&post=324"}],"version-history":[{"count":43,"href":"https:\/\/netzwerke-21.de\/index.php?rest_route=\/wp\/v2\/pages\/324\/revisions"}],"predecessor-version":[{"id":21433,"href":"https:\/\/netzwerke-21.de\/index.php?rest_route=\/wp\/v2\/pages\/324\/revisions\/21433"}],"wp:attachment":[{"href":"https:\/\/netzwerke-21.de\/index.php?rest_route=%2Fwp%2Fv2%2Fmedia&parent=324"}],"curies":[{"name":"wp","href":"https:\/\/api.w.org\/{rel}","templated":true}]}}

<p>Pressemitteilung vom 04.12.2016: <a href="http://netzwerke-21.de/wordpress/wp-content/uploads/161204-PM-Netzwerke-Garantie-bei-Schaeden.pdf" target="_blank">Risiko Anhydrit &#8211; S21-Anwohnernetzwerke fordern Garantien von Bahn und Bund</a></p>
<p>Pressemitteilung vom 12.11.2016:<a href="http://netzwerke-21.de/wordpress/wp-content/uploads/161112-PM-Prozess-Entschädigung___.pdf" target="_blank"> Prozess überfällig. Netzwerke begrüßen gerichtliche Überprüfung der Entschädigung bei Stuttgart 21</a></p>
<p>Pressemitteilung vom 29.04.2016:<a href="http://netzwerke-21.de/wordpress/wp-content/uploads/PM-160429-Sparen-sieht-anders-aus1.pdf" target="_blank"> Sparen sieht anders aus</a></p>
<p>Pressemitteilung vom 25.04.2016: <a href="http://netzwerke-21.de/wordpress/wp-content/uploads/20160425-PM_Lindenschulviertel.pdf" target="_blank">Die Bahn spart bei S 21 – leider nur an den betroffenen Anwohnern im Untertürkheimer Lindenschulviertel. Immissionsschutz zweiter Klasse?</a></p>
<p>Pressemitteilung vom 02.07.2015: <a href="http://netzwerke-21.de/wordpress/wp-content/uploads/PM-150702-Immissionsschutzbeauftragter.pdf" target="_blank">Die Netzwerke-21 fordern, den Immissionsschutzbeauftragten Peter Fritz unverzüglich abzulösen.</a></p>
<p>Pressemitteilung vom 19.01.2015: <a href="http://netzwerke-21.de/wordpress/wp-content/uploads/150118-PM-EBA.pdf" target="_blank">Offenbarungseid: EBA liegen Messprotokolle zu Lärm und Erschütterung nicht vor und weiß auch nicht, wer sie ha</a>t</p>
<p>Pressemitteilung vom 15.01.2015: <a href="http://netzwerke-21.de/wordpress/wp-content/uploads/PM-150115-Gestattungsvertrag.pdf" target="_blank">Netzwerke 21 distanzieren sich von Haus &amp; Grund in Sachen Gestattungsvertrag mit der Bahn</a></p>
<p>Pressemitteilung vom 10.12.2014: <a href="http://netzwerke-21.de/wordpress/wp-content/uploads/PM-1401210-b-Wangen.pdf">27 Bürger stellen Strafanzeige wegen Sprengungen in Wangen</a></p>
<p>Pressemitteilung vom 10.12.2014: <a href="http://netzwerke-21.de/wordpress/wp-content/uploads/PM-141210-b.pdf" target="_blank">Netzwerke fordern OB zum Schutz der Anwohner beim Baulärm von S 21 auf</a></p>
<p>Pressemitteilung vom 20.10.2014 : <a href="http://netzwerke-21.de/wordpress/wp-content/uploads/PM-141017-Lärmschutz-Wartberg.pdf" target="_blank">Wartberg: Bahn lullte Anwohner ein. Jetzt wird S21 richtig laut.</a></p>
<p>Pressemitteilung vom 18.09.2014:<a href="http://netzwerke-21.de/wordpress/wp-content/uploads/PM-140918.pdf" target="_blank"> Stuttgart 21 &#8211; Der Zahltag rückt immer näher und die betroffenen Eigentümer dürfen nicht das Nachsehen haben !</a></p>
<p>Pressemitteilung vom 03.08.2014: <a href="http://netzwerke-21.de/wordpress/wp-content/uploads/PM-140803-2.pdf" target="_blank">Baustart des Tiefbahnhofs und die Lärmschutzauflagen für das Kernerviertel sind nicht umgesetzt</a></p>
<p>Pressemitteilung vom 11.Juli 2014: <a href="http://netzwerke-21.de/wordpress/wp-content/uploads/PM-140711.pdf" target="_blank">Netzwerk Kernerviertel fordert Baustopp bis Lärmschutzauflagen aus der Planfeststellung erfüllt sind</a></p>
<p>Pressemitteilung vom 03.06.2014: <a href="http://netzwerke-21.de/wordpress/wp-content/uploads/PM-140603.pdf" target="_blank">Netzwerk Kernerviertel fordert das Eisenbahn-Bundesamt auf, endlich für die Einhaltung der Lärmschutzauflagen zu sorgen</a></p>
<p>Pressemitteilung vom 07.05.2014: <a href="http://netzwerke-21.de/wordpress/wp-content/uploads/PM-140507.pdf" target="_blank">Nix ist palletti – Netzwerke haben in Gesprächen mit der Bahn kein Einverständnis in Haftungsfragen erzielt</a></p>
<p>Pressemitteilung vom 19.03.2014: <a href="http://netzwerke-21.de/wordpress/wp-content/uploads/PM-140319.pdf" target="_blank">Keine Bagatellisierung der Gebäudeschäden beim U12-Bau</a></p>
<p>Pressemitteilung vom 28.11.2013 / <a href="http://netzwerke-21.de/wordpress/wp-content/uploads/PM-131128.pdf">Netzwerke fordern faire und transparente Entschädigung für die Nutzung der von S21-Tunnels unterfahrenen Grundstücke.</a></p>
<p>Pressemitteilung vom 17.11.2013 / <a href="http://netzwerke-21.de/wordpress/wp-content/uploads/PM-131117.pdf">Keine Albiveranstaltung für einen Tag &#8211; Eigentümer fordern Behandlung der Gebäudesicherheit auf der Erörterung</a></p>
<p>Pressemitteilung vom 05.11.2013 / <a href="http://netzwerke-21.de/wordpress/wp-content/uploads/PM-131105.pdf">Offener Brief des Netzwerks Killesberg zum Entrauchungsbauwerk Killesberg</a></p>
<p>Pressemitteilung vom 04.11.2013 / <a href="http://netzwerke-21.de/wordpress/wp-content/uploads/PM-131104.pdf">Tunnelanstich in Wangen &#8211; eigentumsrechtliche und bautechnische Fragen sind noch nicht geklärt !</a></p>
<p>Pressemitteilung vom 23.10.2013 /<a href="http://netzwerke-21.de/wordpress/wp-content/uploads/PM-131023.pdf"> Netzwerke fordern Fortsetzung der Erörterung</a></p>
<p>Pressemitteilung vom 14.08.2013 / <a href="http://netzwerke-21.de/wordpress/wp-content/uploads/PM-130814.pdf">Netzwerke schreiben an den Bundesrechnungshof</a></p>
<p>Pressemitteilung vom 26.06.2013   / <a href="http://netzwerke-21.de/wordpress/wp-content/uploads/PM-1306261.pdf">Netzwerke der betroffenen Hauseigentümer wehren sich gegen einen verfrühten Erörterungstermin</a></p>
<p>Pressemitteilung vom 29.04.2013  / <a href="http://netzwerke-21.de/wordpress/wp-content/uploads/PM-130424.pdf">Wo bleibt das geotechnische Gutachten für das Kernerviertel ?</a></p>
<p>Pressemitteilung vom 01.03.2013 / <a href="http://netzwerke-21.de/wordpress/wp-content/uploads/PM-130227.pdf">Schwäbische Häuslesbauer machen gegen S 21 mobil !</a></p>
<p>und die <a href="http://netzwerke-21.de/wordpress/wp-content/uploads/Anzeige_Stuttgarter_Zeitung-Nachrichten_2013-03-01.jpg">Anzeige am 01.03.2013 in den beiden Stuttgarter Zeitungen</a></p>
<p>Pressemitteilung vom 09.01.2013 / <a href="http://netzwerke-21.de/wordpress/wp-content/uploads/PM-130109.pdf">Forderung nach einem Ombudmann/-frau</a></p>
<p>Pressemitteilung vom  05.12.2012 / <a href="http://netzwerke-21.de/wordpress/wp-content/uploads/PM-121205.pdf">Erfolgreiche Informationsveranstaltung im Rathaus</a></p>
<p>Pressemitteilung vom 12.09.2102 / <a href="http://netzwerke-21.de/wordpress/wp-content/uploads/PM-1209121.pdf">Eigentümer fordern geotechnisches Gutachten</a></p>
<p>Pressemitteilung vom 01.07.2012 / Bewohner des Kernerviertels fordern umfassende Risikenaufklärung über das Grundwassermanagement</p>
<p>&nbsp;</p>
<p>&nbsp;</p>

<p>Pressemitteilung vom 04.12.2016: Risiko Anhydrit &#8211; S21-Anwohnernetzwerke fordern Garantien von Bahn und Bund Pressemitteilung vom 12.11.2016: Prozess überfällig. Netzwerke begrüßen gerichtliche Überprüfung der Entschädigung bei Stuttgart 21 Pressemitteilung vom 29.04.2016: Sparen sieht anders aus Pressemitteilung vom 25.04.2016: Die Bahn spart &hellip; <a href="https://netzwerke-21.de/?page_id=324">Weiterlesen <span class="meta-nav">&rarr;</span></a></p>
