{"id":312,"date":"2013-10-12T01:22:40","date_gmt":"2013-10-11T23:22:40","guid":{"rendered":"http:\/\/netzwerke-21.de\/?page_id=312"},"modified":"2014-09-25T18:13:09","modified_gmt":"2014-09-25T16:13:09","slug":"reden-bei-montags-und-laufdemos","status":"publish","type":"page","link":"https:\/\/netzwerke-21.de\/?page_id=312","title":{"rendered":"Reden an Montags- und Laufdemos"},"content":{"rendered":"<p>25.08.2014 \/<strong> Frank Schweizer \/ Rede auf der 235. Montagsdemo<\/strong> \/ <strong><a href=\"http:\/\/www.fluegel.tv\/beitrag\/9883\" target=\"_blank\">Zur L\u00e4rmbel\u00e4stigung im Kernerviertel<\/a><\/strong><\/p>\n<p>12.07.2014 \/<strong> Frank Schweizer<\/strong> \/ <strong>Rede auf der letzten Laufdemo<\/strong> \/ <a href=\"https:\/\/www.youtube.com\/watch?v=SN9BS3vfUEU\" target=\"_blank\">https:\/\/www.youtube.com\/watch?v=SN9BS3vfUE<\/a>U<\/p>\n<p>20.01.2014 \/ <strong>Frank Schweizer \/ Rede zu den Sch\u00e4den an der Landeswasserversorgung<\/strong> \/ <a href=\"http:\/\/www.fluegel.tv\/beitrag\/8556\" target=\"_blank\">http:\/\/www.fluegel.tv\/beitrag\/8556<\/a><\/p>\n<p>09.12.2013 \/ <strong>Frank Schweizer \/ Rede zur Fortsetzung der Er\u00f6rterung Grundwassermanagement<\/strong> \/<a href=\"http:\/\/www.youtube.com\/watch?v=B3bo-xBdRCw\">http:\/\/www.youtube.com\/watch?v=B3bo-xBdRCw<\/a><\/p>\n<p>04.11.2013 \/ Prof.Dr. Uwe Dreiss \/ <strong>Warum die Er\u00f6rterung zum Grundwasser-management fortgef\u00fchrt werden muss \/<\/strong> <a href=\"http:\/\/www.youtube.com\/watch?v=XO7ew-csIMg\">http:\/\/www.youtube.com\/watch?v=XO7ew-csIMg<\/a><\/p>\n<p>21.09.2013 \/<strong> Frank Schweizer \/ Rede vor dem Haus an der S\u00e4ngerstra\u00dfe 4<\/strong> \/ <a title=\"Frank Schweizer - Rede am Haus S\u00e4ngerstr 4\" href=\"http:\/\/www.youtube.com\/watch?v=LRaDMr8-280\">http:\/\/www.youtube.com\/watch?v=LRaDMr8-280<\/a><\/p>\n<p>16.09.2013 \/ <strong>Prof.Dr. Uwe Dreiss \/ B\u00fcrgerbeteiligung \/ <\/strong><a href=\"http:\/\/www.youtube.com\/watch?v=7KWUuSWK9xA\">http:\/\/www.youtube.com\/watch?v=7KWUuSWK9xA<\/a><\/p>\n<p>26.08.2013 \/\u00a0 <strong>Ulrich Hangleiter<\/strong> \/ <strong>Angemessene Entsch\u00e4digung und Haftung f\u00fcr Bausch\u00e4den \/ <\/strong><a href=\" https:\/\/www.youtube.com\/watch?v=Ky18nh2QmQw\">https:\/\/www.youtube.com\/watch?v=Ky18nh2QmQw<\/a><\/p>\n<p>08.07.2013 \/<strong> Frank Schweize<\/strong>r \/<strong> Er\u00f6rterung zur 7. Plan\u00e4nderung (GWM) \/\u00a0<\/strong> <a href=\"https:\/\/www.youtube.com\/watch?v=DZ0hp6nDG4M\">https:\/\/www.youtube.com\/watch?v=DZ0hp6nDG4M<\/a><\/p>\n<p>19.07.2013 \/ <strong>Frank Schweizer <\/strong>\/<strong> Er\u00f6rterung 7.Plan\u00e4nderung + Fildertunnel <\/strong>\/ <a href=\"http:\/\/www.laufdemo-stgt.de\/?cat=24 (ab Min 1:11)\">http:\/\/www.laufdemo-stgt.de\/?cat=24 (ab Min 1:11)<\/a><\/p>\n<p>01.07.2013 \/ <strong>Rudolf R\u00f6der <\/strong>\/ <strong>Entrauchungsbauwerk am Wartberg<\/strong> \/ <a href=\"http:\/\/www.laufdemo-stgt.de\/?cat=24 (ab Min. 1:27)\">http:\/\/www.laufdemo-stgt.de\/?cat=24 (ab Min. 1:27)<\/a><\/p>\n<p>13.05.2013 \/ <strong>Dr.Corina Schimitzek \/\u00a0 Unterfahrung Untert\u00fcrkheim<\/strong> \/ <a href=\"http:\/\/cams21.de\/stuttgart-21-4-laufdemo-in-unterturkheim-am-11-05-2013-live\/ (Teil 5 ab Min. 2:08)\">http:\/\/cams21.de\/stuttgart-21-4-laufdemo-in-unterturkheim-am-11-05-2013-live\/ (Teil 5 ab Min. 2:08)<\/a><\/p>\n<p>22.04.2013 \/\u00a0 <strong>Frank Schweizer<\/strong> \/<strong> Blaue Rohre im Kernerviertel<\/strong> \/ <a href=\"http:\/\/www.fluegel.tv\/beitrag\/6549\">http:\/\/www.fluegel.tv\/beitrag\/6549<\/a><\/p>\n<p>16.04.2013 \/<strong> Frank Schweizer \/ Im Zeichen der blauen Rohre<\/strong> \/ <a href=\"https:\/\/www.youtube.com\/watch?v=DN9SRKQfrmU\">https:\/\/www.youtube.com\/watch?v=DN9SRKQfrmU<\/a><\/p>\n<p>17.09.2012 \/ <strong>Frank Schweizer <\/strong>\/ <strong>GWM + Unterfahrung Kernerviertel \/ <\/strong><a href=\"https:\/\/www.youtube.com\/watch?v=6KIsPX5X7RU\">https:\/\/www.youtube.com\/watch?v=6KIsPX5X7RU<\/a><\/p>\n<p>14.07.2012 \/ <strong>Frank Schweizer <\/strong>\/<strong> Das Kernerviertel und das GWM\u00a0 \/<\/strong> <a href=\"http:\/\/www.fluegel.tv\/beitrag\/4538\">http:\/\/www.fluegel.tv\/beitrag\/4538<\/a><\/p>\n<p>02.07.2012 \/<strong> Prof. Dr. Dreiss<\/strong> \/ <strong>Das Kernerviertel und das GWM<\/strong> \/ <a href=\"http:\/\/www.fluegel.tv\/beitrag\/4504\">http:\/\/www.fluegel.tv\/beitrag\/4504<\/a><\/p>\n","protected":false},"excerpt":{"rendered":"<p>25.08.2014 \/ Frank Schweizer \/ Rede auf der 235. Montagsdemo \/ Zur L\u00e4rmbel\u00e4stigung im Kernerviertel 12.07.2014 \/ Frank Schweizer \/ Rede auf der letzten Laufdemo \/ https:\/\/www.youtube.com\/watch?v=SN9BS3vfUEU 20.01.2014 \/ Frank Schweizer \/ Rede zu den Sch\u00e4den an der Landeswasserversorgung \/ &hellip; <a href=\"https:\/\/netzwerke-21.de\/?page_id=312\">Weiterlesen <span class=\"meta-nav\">&rarr;<\/span><\/a><\/p>\n","protected":false},"author":6,"featured_media":0,"parent":0,"menu_order":0,"comment_status":"closed","ping_status":"closed","template":"","meta":{"footnotes":""},"class_list":["post-312","page","type-page","status-publish","hentry"],"_links":{"self":[{"href":"https:\/\/netzwerke-21.de\/index.php?rest_route=\/wp\/v2\/pages\/312","targetHints":{"allow":["GET"]}}],"collection":[{"href":"https:\/\/netzwerke-21.de\/index.php?rest_route=\/wp\/v2\/pages"}],"about":[{"href":"https:\/\/netzwerke-21.de\/index.php?rest_route=\/wp\/v2\/types\/page"}],"author":[{"embeddable":true,"href":"https:\/\/netzwerke-21.de\/index.php?rest_route=\/wp\/v2\/users\/6"}],"replies":[{"embeddable":true,"href":"https:\/\/netzwerke-21.de\/index.php?rest_route=%2Fwp%2Fv2%2Fcomments&post=312"}],"version-history":[{"count":12,"href":"https:\/\/netzwerke-21.de\/index.php?rest_route=\/wp\/v2\/pages\/312\/revisions"}],"predecessor-version":[{"id":4349,"href":"https:\/\/netzwerke-21.de\/index.php?rest_route=\/wp\/v2\/pages\/312\/revisions\/4349"}],"wp:attachment":[{"href":"https:\/\/netzwerke-21.de\/index.php?rest_route=%2Fwp%2Fv2%2Fmedia&parent=312"}],"curies":[{"name":"wp","href":"https:\/\/api.w.org\/{rel}","templated":true}]}}