{"id":307,"date":"2013-10-12T01:15:12","date_gmt":"2013-10-11T23:15:12","guid":{"rendered":"http:\/\/netzwerke-21.de\/?page_id=307"},"modified":"2014-09-14T17:38:43","modified_gmt":"2014-09-14T15:38:43","slug":"demoreden-netzwerksprecher","status":"publish","type":"page","link":"https:\/\/netzwerke-21.de\/?page_id=307","title":{"rendered":"Reden an Montagsdemos"},"content":{"rendered":"<p>25.08.2014 \/ <strong>Frank Schweizer \/ Rede auf der 235.Montagsdemo \/ Frank Schweizer zur L\u00e4rmbel\u00e4stigung<\/strong><\/p>\n<p>12.07.2013 \/ <strong>Frank Schweizer \/ <a href=\"http:\/\/netzwerke-21.de\/wordpress\/wp-content\/uploads\/140712-Laufdemo-FS.pdf\" target=\"_blank\">H\u00f6r ich den Baul\u00e4rm in der Nacht &#8230; bin ich um den Schlaf gebracht<\/a><\/strong><\/p>\n<p>04.11.2013 \/<strong> Prof.Dr. Uwe Dreiss<\/strong> \/<strong> <a href=\"http:\/\/netzwerke-21.de\/wordpress\/wp-content\/uploads\/BW086.pdf\">Warum die Er\u00f6rterung zum Grundwassermanagement fortgef\u00fchrt werden muss <\/a><\/strong><\/p>\n<p>16.09.2013 \/ <strong>Prof.Dr. Uwe Dreiss \/ B\u00fcrgerbeteiligung<\/strong> \/ <a href=\"http:\/\/www.bei-abriss-aufstand.de\/2013\/09\/18\/rede-von-prof-dr-uwe-dreiss-bei-der-189-montagsdemo\/\">http:\/\/www.bei-abriss-aufstand.de\/2013\/09\/18\/rede-von-prof-dr-uwe-dreiss-bei-der-189-montagsdemo\/<\/a><\/p>\n<p>26.08.2013 \/ <strong>Ulrich Hangleiter <\/strong>\/<strong>Angemessene Entsch\u00e4digung und Haftung f\u00fcr Bausch\u00e4den<\/strong> \/ <a href=\"http:\/\/www.bei-abriss-aufstand.de\/2013\/08\/27\/rede-von-ulrich-hangleiter-bei-der-186-montagsdemo\/\">http:\/\/www.bei-abriss-aufstand.de\/2013\/08\/27\/rede-von-ulrich-hangleiter-bei-der-186-montagsdemo\/<\/a><\/p>\n<p>08.07.2013 \/ <strong>Frank Schweizer<\/strong> \/ <strong> Er\u00f6rterung zur 7. Plan\u00e4nderung (GWM) \/ <\/strong><a href=\"http:\/\/www.bei-abriss-aufstand.de\/2013\/07\/08\/rede-von-frank-schweizer-bei-der-179-montagsdemo\/\">http:\/\/www.bei-abriss-aufstand.de\/2013\/07\/08\/rede-von-frank-schweizer-bei-der-179-montagsdemo\/<\/a><\/p>\n<p>22.04.2013 \/ <strong>Frank Schweizer<\/strong> \/ <strong>Blaue Rohre im Kernerviertel<\/strong> \/ <a href=\"http:\/\/www.bei-abriss-aufstand.de\/2013\/04\/23\/rede-von-frank-schweizer-bei-der-169-montagsdemo\/\">http:\/\/www.bei-abriss-aufstand.de\/2013\/04\/23\/rede-von-frank-schweizer-bei-der-169-montagsdemo\/<\/a><\/p>\n<p>17.09.2012 \/<strong> Frank Schweizer\/ GWM + Unterfahrung Kernerviertel<\/strong> \/ <a href=\"http:\/\/www.bei-abriss-aufstand.de\/2012\/09\/17\/rede-bei-der-140-montagsdemo-netzwerk-kernerviertel\/\">http:\/\/www.bei-abriss-aufstand.de\/2012\/09\/17\/rede-bei-der-140-montagsdemo-netzwerk-kernerviertel\/<\/a><\/p>\n<p>14.07.2012 \/ <strong>Frank Schweizer \/ Das Kernerviertel und das GWM \/ <\/strong><a href=\"http:\/\/parkschuetzer.org\/presse\">http:\/\/parkschuetzer.org\/presse<\/a><\/p>\n<p>02.07.2012 \/ <strong>Prof. Dr. Dreiss<\/strong> \/ <strong>Das Kernerviertel und das GWM<\/strong> \/ <a href=\"http:\/\/parkschuetzer.org\/presse\/Rede_Uwe_Dreiss_2012_07_02.pdf\">http:\/\/parkschuetzer.org\/presse\/Rede_Uwe_Dreiss_2012_07_02.pdf<\/a><\/p>\n<p>&nbsp;<\/p>\n","protected":false},"excerpt":{"rendered":"<p>25.08.2014 \/ Frank Schweizer \/ Rede auf der 235.Montagsdemo \/ Frank Schweizer zur L\u00e4rmbel\u00e4stigung 12.07.2013 \/ Frank Schweizer \/ H\u00f6r ich den Baul\u00e4rm in der Nacht &#8230; bin ich um den Schlaf gebracht 04.11.2013 \/ Prof.Dr. Uwe Dreiss \/ Warum &hellip; <a href=\"https:\/\/netzwerke-21.de\/?page_id=307\">Weiterlesen <span class=\"meta-nav\">&rarr;<\/span><\/a><\/p>\n","protected":false},"author":6,"featured_media":0,"parent":0,"menu_order":0,"comment_status":"closed","ping_status":"closed","template":"","meta":{"footnotes":""},"class_list":["post-307","page","type-page","status-publish","hentry"],"_links":{"self":[{"href":"https:\/\/netzwerke-21.de\/index.php?rest_route=\/wp\/v2\/pages\/307","targetHints":{"allow":["GET"]}}],"collection":[{"href":"https:\/\/netzwerke-21.de\/index.php?rest_route=\/wp\/v2\/pages"}],"about":[{"href":"https:\/\/netzwerke-21.de\/index.php?rest_route=\/wp\/v2\/types\/page"}],"author":[{"embeddable":true,"href":"https:\/\/netzwerke-21.de\/index.php?rest_route=\/wp\/v2\/users\/6"}],"replies":[{"embeddable":true,"href":"https:\/\/netzwerke-21.de\/index.php?rest_route=%2Fwp%2Fv2%2Fcomments&post=307"}],"version-history":[{"count":9,"href":"https:\/\/netzwerke-21.de\/index.php?rest_route=\/wp\/v2\/pages\/307\/revisions"}],"predecessor-version":[{"id":4061,"href":"https:\/\/netzwerke-21.de\/index.php?rest_route=\/wp\/v2\/pages\/307\/revisions\/4061"}],"wp:attachment":[{"href":"https:\/\/netzwerke-21.de\/index.php?rest_route=%2Fwp%2Fv2%2Fmedia&parent=307"}],"curies":[{"name":"wp","href":"https:\/\/api.w.org\/{rel}","templated":true}]}}

<p>25.08.2014 / <strong>Frank Schweizer / Rede auf der 235.Montagsdemo / Frank Schweizer zur Lärmbelästigung</strong></p>
<p>12.07.2013 / <strong>Frank Schweizer / <a href="http://netzwerke-21.de/wordpress/wp-content/uploads/140712-Laufdemo-FS.pdf" target="_blank">Hör ich den Baulärm in der Nacht &#8230; bin ich um den Schlaf gebracht</a></strong></p>
<p>04.11.2013 /<strong> Prof.Dr. Uwe Dreiss</strong> /<strong> <a href="http://netzwerke-21.de/wordpress/wp-content/uploads/BW086.pdf">Warum die Erörterung zum Grundwassermanagement fortgeführt werden muss </a></strong></p>
<p>16.09.2013 / <strong>Prof.Dr. Uwe Dreiss / Bürgerbeteiligung</strong> / <a href="http://www.bei-abriss-aufstand.de/2013/09/18/rede-von-prof-dr-uwe-dreiss-bei-der-189-montagsdemo/">http://www.bei-abriss-aufstand.de/2013/09/18/rede-von-prof-dr-uwe-dreiss-bei-der-189-montagsdemo/</a></p>
<p>26.08.2013 / <strong>Ulrich Hangleiter </strong>/<strong>Angemessene Entschädigung und Haftung für Bauschäden</strong> / <a href="http://www.bei-abriss-aufstand.de/2013/08/27/rede-von-ulrich-hangleiter-bei-der-186-montagsdemo/">http://www.bei-abriss-aufstand.de/2013/08/27/rede-von-ulrich-hangleiter-bei-der-186-montagsdemo/</a></p>
<p>08.07.2013 / <strong>Frank Schweizer</strong> / <strong> Erörterung zur 7. Planänderung (GWM) / </strong><a href="http://www.bei-abriss-aufstand.de/2013/07/08/rede-von-frank-schweizer-bei-der-179-montagsdemo/">http://www.bei-abriss-aufstand.de/2013/07/08/rede-von-frank-schweizer-bei-der-179-montagsdemo/</a></p>
<p>22.04.2013 / <strong>Frank Schweizer</strong> / <strong>Blaue Rohre im Kernerviertel</strong> / <a href="http://www.bei-abriss-aufstand.de/2013/04/23/rede-von-frank-schweizer-bei-der-169-montagsdemo/">http://www.bei-abriss-aufstand.de/2013/04/23/rede-von-frank-schweizer-bei-der-169-montagsdemo/</a></p>
<p>17.09.2012 /<strong> Frank Schweizer/ GWM + Unterfahrung Kernerviertel</strong> / <a href="http://www.bei-abriss-aufstand.de/2012/09/17/rede-bei-der-140-montagsdemo-netzwerk-kernerviertel/">http://www.bei-abriss-aufstand.de/2012/09/17/rede-bei-der-140-montagsdemo-netzwerk-kernerviertel/</a></p>
<p>14.07.2012 / <strong>Frank Schweizer / Das Kernerviertel und das GWM / </strong><a href="http://parkschuetzer.org/presse">http://parkschuetzer.org/presse</a></p>
<p>02.07.2012 / <strong>Prof. Dr. Dreiss</strong> / <strong>Das Kernerviertel und das GWM</strong> / <a href="http://parkschuetzer.org/presse/Rede_Uwe_Dreiss_2012_07_02.pdf">http://parkschuetzer.org/presse/Rede_Uwe_Dreiss_2012_07_02.pdf</a></p>
<p>&nbsp;</p>

<p>25.08.2014 / Frank Schweizer / Rede auf der 235.Montagsdemo / Frank Schweizer zur Lärmbelästigung 12.07.2013 / Frank Schweizer / Hör ich den Baulärm in der Nacht &#8230; bin ich um den Schlaf gebracht 04.11.2013 / Prof.Dr. Uwe Dreiss / Warum &hellip; <a href="https://netzwerke-21.de/?page_id=307">Weiterlesen <span class="meta-nav">&rarr;</span></a></p>
