{"id":12,"date":"2013-08-22T17:22:44","date_gmt":"2013-08-22T15:22:44","guid":{"rendered":"http:\/\/netzwerke-21.de\/?page_id=12"},"modified":"2018-05-20T22:37:26","modified_gmt":"2018-05-20T20:37:26","slug":"impressum","status":"publish","type":"page","link":"https:\/\/netzwerke-21.de\/?page_id=12","title":{"rendered":"Impressum \/ Kontakt"},"content":{"rendered":"<h1>Impressum<\/h1>\n<p>Angaben gem. \u00a7 5 TMG<\/p>\n<p><strong>Betreiber und Kontakt:<\/strong><br \/>\nFrank Schweizer<br \/>\nKernerstr. 32<br \/>\n70182 Stuttgart<\/p>\n<p><b>Verantwortlicher f\u00fcr journalistisch-redaktionelle Inhalte gem. \u00a7 55 II RstV:<\/b><br \/>\nFrank Schweizer<\/p>\n<p><strong>Redaktion:<\/strong> Michaela Klapka<\/p>\n<p><span style=\"text-decoration: underline;\"><strong>Kontakt:<\/strong><\/span><\/p>\n<p>Schreiben Sie uns, wenn Sie Fragen haben oder Mitglied in einem der Netzwerke werden m\u00f6chten, unter folgenden\u00a0\u00a0<strong>Kontakt-E-Mail-Adressen:<\/strong><\/p>\n<p><strong>Netzwerk Kernerviertel<\/strong> \/ Frank Schweizer \/ k21-netzwerke [at] gmx.de<\/p>\n<p><strong>Netzwerk Killesberg und Umgebung<\/strong> \/ Ulrich Hangleiter \/ kontakt[at]netzwerk-killesberg.de<\/p>\n<p><strong>Netzwerk Gablenberg<\/strong> \/ Rolf Ade \/ gablenberg@unser-park.de<\/p>\n<p><strong>Netzwerk Wangen und Untert\u00fcrkheim<\/strong> \/ Barbara Weber \/ zukunftschiene@gmx.de<\/p>\n<p><span style=\"color: #0000ff;\">Wenn Sie die Arbeit der Netzwerke finanziell unterst\u00fctzen m\u00f6chten, hier unsere <strong>Kontonummer der &#8222;Netzwerke 21 \/ Frank Schweizer&#8220;\u00a0 bei der GLS Bank<\/strong>:<\/span><\/p>\n<p><strong>IBAN: DE<\/strong><span style=\"color: #0000ff;\"><strong>:<\/strong> 41 4306 0967 7010 3996 00<\/span><br \/>\n<span style=\"color: #0000ff;\"> <strong>BLZ \u00a0 \u00a0<\/strong> \u00a0 \u00a0\u00a0\u00a0\u00a0 : 4306 0967<\/span><br \/>\n<span style=\"color: #0000ff;\"> <strong>Konto Nr.:<\/strong>\u00a0 7010 3996<\/span><br \/>\n<span style=\"color: #0000ff;\"> <strong>BIC:<\/strong> GENODEM1GLS<\/span><\/p>\n<p><strong>Urheber- und Leistungsschutzrechte<\/strong><br \/>\nDie Herstellung von Kopien und Downloads f\u00fcr den pers\u00f6nlichen, privaten und nicht kommerziellen Gebrauch ist erw\u00fcnscht.<\/p>\n<p><strong>Externe Links<\/strong><br \/>\nDiese Website enth\u00e4lt Verkn\u00fcpfungen zu Websites Dritter (&#8222;externe Links&#8220;). Diese Websites unterliegen der Haftung der jeweiligen Betreiber und sind mit diesem Symbol <img loading=\"lazy\" decoding=\"async\" title=\"Symbol externer Link\" src=\"http:\/\/www.geologie21.de\/assets\/images\/extern1.png\" alt=\"Symbol externer Link\" width=\"17\" height=\"10\" \/> gekennzeichnet. Der Anbieter hat bei der erstmaligen Verkn\u00fcpfung dieser externen Links die fremden Inhalte daraufhin \u00fcberpr\u00fcft, ob etwaige Rechtsverst\u00f6\u00dfe bestehen. Zu dem Zeitpunkt waren keine Rechtsverst\u00f6\u00dfe ersichtlich. Der Anbieter hat keinerlei Einfluss auf die aktuelle und zuk\u00fcnftige Gestaltung und auf die Inhalte der verkn\u00fcpften Seiten. Das Setzen von externen Links bedeutet nicht, dass sich der Anbieter die hinter dem Verweis oder Link liegenden Inhalte zu Eigen macht. Eine st\u00e4ndige Kontrolle der externen Links ist f\u00fcr den Anbieter ohne konkrete Hinweise auf Rechtsverst\u00f6\u00dfe nicht zumutbar. Bei Kenntnis von Rechtsverst\u00f6\u00dfen werden jedoch derartige externe Links unverz\u00fcglich gel\u00f6scht. <strong>\u00a0<\/strong><\/p>\n<p><strong><br \/>\n<\/strong><\/p>\n<p>&nbsp;<\/p>\n","protected":false},"excerpt":{"rendered":"<p>Impressum Angaben gem. \u00a7 5 TMG Betreiber und Kontakt: Frank Schweizer Kernerstr. 32 70182 Stuttgart Verantwortlicher f\u00fcr journalistisch-redaktionelle Inhalte gem. \u00a7 55 II RstV: Frank Schweizer Redaktion: Michaela Klapka Kontakt: Schreiben Sie uns, wenn Sie Fragen haben oder Mitglied in &hellip; <a href=\"https:\/\/netzwerke-21.de\/?page_id=12\">Weiterlesen <span class=\"meta-nav\">&rarr;<\/span><\/a><\/p>\n","protected":false},"author":1,"featured_media":0,"parent":0,"menu_order":10,"comment_status":"closed","ping_status":"closed","template":"","meta":{"footnotes":""},"class_list":["post-12","page","type-page","status-publish","hentry"],"_links":{"self":[{"href":"https:\/\/netzwerke-21.de\/index.php?rest_route=\/wp\/v2\/pages\/12","targetHints":{"allow":["GET"]}}],"collection":[{"href":"https:\/\/netzwerke-21.de\/index.php?rest_route=\/wp\/v2\/pages"}],"about":[{"href":"https:\/\/netzwerke-21.de\/index.php?rest_route=\/wp\/v2\/types\/page"}],"author":[{"embeddable":true,"href":"https:\/\/netzwerke-21.de\/index.php?rest_route=\/wp\/v2\/users\/1"}],"replies":[{"embeddable":true,"href":"https:\/\/netzwerke-21.de\/index.php?rest_route=%2Fwp%2Fv2%2Fcomments&post=12"}],"version-history":[{"count":10,"href":"https:\/\/netzwerke-21.de\/index.php?rest_route=\/wp\/v2\/pages\/12\/revisions"}],"predecessor-version":[{"id":28598,"href":"https:\/\/netzwerke-21.de\/index.php?rest_route=\/wp\/v2\/pages\/12\/revisions\/28598"}],"wp:attachment":[{"href":"https:\/\/netzwerke-21.de\/index.php?rest_route=%2Fwp%2Fv2%2Fmedia&parent=12"}],"curies":[{"name":"wp","href":"https:\/\/api.w.org\/{rel}","templated":true}]}}